{"id":6287,"date":"2024-11-29T10:00:00","date_gmt":"2024-11-29T08:00:00","guid":{"rendered":"https:\/\/xeon.kapsi.fi\/blog\/?page_id=6287"},"modified":"2025-10-23T21:31:02","modified_gmt":"2025-10-23T18:31:02","slug":"black-friday-parhaat-tarjoukset","status":"publish","type":"page","link":"https:\/\/xeon.kapsi.fi\/blog\/black-friday-parhaat-tarjoukset\/","title":{"rendered":"Black Friday 2025 &#8211; parhaat tarjoukset"},"content":{"rendered":"\n<figure class=\"wp-block-image size-large\"><img loading=\"lazy\" decoding=\"async\" width=\"1024\" height=\"576\" data-attachment-id=\"6295\" data-permalink=\"https:\/\/xeon.kapsi.fi\/blog\/black-friday-parhaat-tarjoukset\/black-friday-minimalist-sale-offer-discount-shopping-message-text-promotion-commerce-market-white-black-friday-black-friday-sale-buy-buyer-word-gray-shopping-gray-shop-gray-sales-gray-market-stockpack\/\" data-orig-file=\"https:\/\/xeon.kapsi.fi\/blog\/wp-content\/uploads\/2025\/10\/black-friday-minimalist-sale-offer-discount-shopping-message-text-promotion-commerce-market-white-black-friday-black-friday-sale-buy-buyer-word-gray-shopping-gray-shop-gray-sales-gray-market-stockpack-pixabay.png\" data-orig-size=\"1280,720\" data-comments-opened=\"1\" data-image-meta=\"{&quot;aperture&quot;:&quot;0&quot;,&quot;credit&quot;:&quot;&quot;,&quot;camera&quot;:&quot;&quot;,&quot;caption&quot;:&quot;&quot;,&quot;created_timestamp&quot;:&quot;0&quot;,&quot;copyright&quot;:&quot;&quot;,&quot;focal_length&quot;:&quot;0&quot;,&quot;iso&quot;:&quot;0&quot;,&quot;shutter_speed&quot;:&quot;0&quot;,&quot;title&quot;:&quot;&quot;,&quot;orientation&quot;:&quot;0&quot;}\" data-image-title=\"black-friday-minimalist-sale-offer-discount-shopping-message-text-promotion-commerce-market-white-black-friday-black-friday-sale-buy-buyer-word-gray-shopping-gray-shop-gray-sales-gray-market-stockpack-pixabay\" data-image-description=\"&lt;p&gt;black, friday, minimalist, sale, offer, discount, shopping, message, text, promotion, commerce, market, white, black friday, black friday sale, buy, buyer, word, gray shopping, gray shop, gray sales, gray market, black friday, black friday, black friday, black friday, black friday&lt;\/p&gt;\n\" data-image-caption=\"&lt;p&gt;Photo by &lt;a href=&#039;https:\/\/pixabay.com\/users\/Maiconfz?utm_source=Stockpack&#038;utm_medium=referral&#039; class=&#039;stockpack-author&#039; target=&#039;_blank&#039; rel=&#039;nofollow noopener noreferrer&#039;&gt;Maiconfz&lt;\/a&gt; on &lt;a href=&#039;https:\/\/pixabay.com\/photos\/1271449?utm_source=Stockpack&#038;utm_medium=referral&#039; class=&#039;stockpack-provider&#039; target=&#039;_blank&#039; rel=&#039;nofollow noopener noreferrer&#039;&gt;Pixabay&lt;\/a&gt;&lt;\/p&gt;\n\" data-medium-file=\"https:\/\/xeon.kapsi.fi\/blog\/wp-content\/uploads\/2025\/10\/black-friday-minimalist-sale-offer-discount-shopping-message-text-promotion-commerce-market-white-black-friday-black-friday-sale-buy-buyer-word-gray-shopping-gray-shop-gray-sales-gray-market-stockpack-pixabay-300x169.png\" data-large-file=\"https:\/\/xeon.kapsi.fi\/blog\/wp-content\/uploads\/2025\/10\/black-friday-minimalist-sale-offer-discount-shopping-message-text-promotion-commerce-market-white-black-friday-black-friday-sale-buy-buyer-word-gray-shopping-gray-shop-gray-sales-gray-market-stockpack-pixabay-1024x576.png\" src=\"https:\/\/xeon.kapsi.fi\/blog\/wp-content\/uploads\/2025\/10\/black-friday-minimalist-sale-offer-discount-shopping-message-text-promotion-commerce-market-white-black-friday-black-friday-sale-buy-buyer-word-gray-shopping-gray-shop-gray-sales-gray-market-stockpack-pixabay-1024x576.png\" alt=\"black, friday, minimalist, sale, offer, discount, shopping, message, text, promotion, commerce, market, white, black friday, black friday sale, buy, buyer, word, gray shopping, gray shop, gray sales, gray market, black friday, black friday, black friday, black friday, black friday\" class=\"wp-image-6295\" srcset=\"https:\/\/xeon.kapsi.fi\/blog\/wp-content\/uploads\/2025\/10\/black-friday-minimalist-sale-offer-discount-shopping-message-text-promotion-commerce-market-white-black-friday-black-friday-sale-buy-buyer-word-gray-shopping-gray-shop-gray-sales-gray-market-stockpack-pixabay-1024x576.png 1024w, https:\/\/xeon.kapsi.fi\/blog\/wp-content\/uploads\/2025\/10\/black-friday-minimalist-sale-offer-discount-shopping-message-text-promotion-commerce-market-white-black-friday-black-friday-sale-buy-buyer-word-gray-shopping-gray-shop-gray-sales-gray-market-stockpack-pixabay-300x169.png 300w, https:\/\/xeon.kapsi.fi\/blog\/wp-content\/uploads\/2025\/10\/black-friday-minimalist-sale-offer-discount-shopping-message-text-promotion-commerce-market-white-black-friday-black-friday-sale-buy-buyer-word-gray-shopping-gray-shop-gray-sales-gray-market-stockpack-pixabay-768x432.png 768w, https:\/\/xeon.kapsi.fi\/blog\/wp-content\/uploads\/2025\/10\/black-friday-minimalist-sale-offer-discount-shopping-message-text-promotion-commerce-market-white-black-friday-black-friday-sale-buy-buyer-word-gray-shopping-gray-shop-gray-sales-gray-market-stockpack-pixabay.png 1280w\" sizes=\"auto, (max-width: 1024px) 100vw, 1024px\" \/><figcaption class=\"wp-element-caption\">Kuva: Maiconfz on Pixabay<\/figcaption><\/figure>\n\n\n\n<p>Black Friday tulee taas pimeine tarjouksineen marraskuussa 2025. T\u00e4n\u00e4 vuonna ostosp\u00e4iv\u00e4\u00e4 vietet\u00e4\u00e4n perjantaina 28.11.2025.<\/p>\n\n\n\n<h2 class=\"wp-block-heading\">Mik\u00e4 on Black Friday?<\/h2>\n\n\n\n<p>Black Friday eli musta perjantai on suosittu ostosp\u00e4iv\u00e4, jota vietet\u00e4\u00e4n marraskuun loppupuolella.&nbsp; Se on l\u00e4ht\u00f6isin Yhdysvalloista, jossa se on perinteisesti avannut kauppojen joulusesongin ja ollut monelle kaupalle vuoden suurimpia myyntip\u00e4ivi\u00e4, jolloin kaupat my\u00f6s pit\u00e4v\u00e4t ovensa avoinna tavallista pidemp\u00e4\u00e4n. 2000-luvulla Black Friday on rantautunut my\u00f6s Suomeen ja noussut yh\u00e4 suuremmaksi ilmi\u00f6ksi.<\/p>\n\n\n\n<p>Nyky\u00e4\u00e4n moni kauppa jatkaa Black Friday -kampanjaa koko viikonlopun ajan Black Weekend -nimell\u00e4 tai on laajentanut sit\u00e4 aloittamalla kampanjan jo edellisen viikon Black Week -tarjouksilla. Etenkin verkkokaupoissa tarjoukset jatkuvat usein viel\u00e4 seuraavan maanantain ajan, jolloin vuorossa on Cyber Monday -tarjousp\u00e4iv\u00e4. Black Friday onkin yksi loppuvuoden suurimmista ostosp\u00e4ivist\u00e4 ja silloin on hyv\u00e4 mahdollisuus tehd\u00e4 sesongin avauksesta l\u00f6yt\u00f6j\u00e4 my\u00f6s pukinkonttiin.<\/p>\n\n\n\n<h2 class=\"wp-block-heading\">Black Friday -alennukset<\/h2>\n\n\n\n<p>Black Fridayn ostohuumassa t\u00e4ytyy kuitenkin muistaa, ett\u00e4 hintojen ja alennusten kanssa tulee olla tarkkana. Todelliset alennukset eiv\u00e4t useinkaan vastaa sit\u00e4, mit\u00e4 isolla kirjoitetut alennusprosentit antavat ymm\u00e4rt\u00e4\u00e4. Hintojen vertailu eri liikkeiden v\u00e4lill\u00e4 onkin eritt\u00e4in suositeltavaa ja netist\u00e4 l\u00f6ytyy t\u00e4h\u00e4n useita hyvi\u00e4 vertailusivustoja. Esimerkiksi <em>hinta.fi<\/em> -palvelu listaa tekniikkatuotteita, joissa hinta on tippunut -5 % tai enemm\u00e4n. Tuloslistaa voi rajata my\u00f6s kaupan, tuotekategorian, valmistajan, hinnan tai tarjousprosentin mukaan ja j\u00e4rjestell\u00e4 eri tavoin.<\/p>\n\n\n\n<ul class=\"wp-block-list\">\n<li><a href=\"https:\/\/hinta.fi\/tarjoukset\" target=\"_blank\" rel=\"noreferrer noopener\">Black Week \/ Black Friday -tarjoukset &#8211; Hinta.fi<\/a><\/li>\n\n\n\n<li><a href=\"https:\/\/hintaopas.fi\/teema\/black-friday\" target=\"_blank\" rel=\"noreferrer noopener\">Black Friday 2025 &#8211; Vertaa Black Weekin tarjoukset &#8211; Hintaopas.fi<\/a><\/li>\n\n\n\n<li><a href=\"https:\/\/hintaseuranta.fi\/teema\/black-friday\" target=\"_blank\" rel=\"noreferrer noopener\">Black Friday 2025 &#8211; Hintaseuranta.fi<\/a><\/li>\n<\/ul>\n\n\n\n<h2 class=\"wp-block-heading\">Black Friday -tarjoukset<\/h2>\n\n\n\n<p>Alapuolelle on koottu lyhyt lista Black Friday ja Black Week -tarjouslinkkej\u00e4 tunnettujen verkkokauppojen kampanjasivuille. Kun musta perjantai on aikanaan vietetty, loppuvuoden tarjouskampanjat p\u00e4\u00e4tt\u00e4v\u00e4 Cyber Monday -tarjousp\u00e4iv\u00e4 koittaa mustan viikonlopun j\u00e4lkeisen\u00e4 maanantaina 1.12.2025. <\/p>\n\n\n\n<h4 class=\"wp-block-heading\">Tekniikka ja elektroniikka<\/h4>\n\n\n\n<ul class=\"wp-block-list\">\n<li><a href=\"https:\/\/www.verkkokauppa.com\/fi\/blackfriday\" target=\"_blank\" rel=\"noreferrer noopener\">Verkkokauppa.com &#8211; Black Friday -tarjoukset<\/a><\/li>\n\n\n\n<li><a href=\"https:\/\/www.power.fi\/blackfriday-2025\/\" target=\"_blank\" rel=\"noreferrer noopener\">Power.fi &#8211; Black Friday 2025, parhaat tarjoukset Powerilta<\/a><\/li>\n\n\n\n<li><a href=\"https:\/\/www.proshop.fi\/Black-Friday\" target=\"_blank\" rel=\"noreferrer noopener\">Proshop &#8211; Black Friday 2025 &#8211; Vuoden hurjin alennusjuhla<\/a><\/li>\n\n\n\n<li><a href=\"https:\/\/www.veikonkone.fi\/black-friday\" target=\"_blank\" rel=\"noreferrer noopener\">Veikon Kone &#8211; Black Friday 2025 -huipputarjoukset<\/a><\/li>\n\n\n\n<li><a href=\"https:\/\/www.gigantti.fi\/kampanja\/black-friday\" target=\"_blank\" rel=\"noreferrer noopener\">Gigantti verkkokauppa &#8211; Black Friday 2025 | Parhaat Black Week tarjoukset<\/a><\/li>\n\n\n\n<li><a href=\"https:\/\/www.multitronic.fi\/fi\/blackfriday\" target=\"_blank\" rel=\"noreferrer noopener\">Multitronic &#8211; Black Friday 2025 &#8211; Parhaat tarjoukset<\/a><\/li>\n\n\n\n<li><a href=\"https:\/\/cdon.fi\/kampanja\/black-friday\/\" target=\"_blank\" rel=\"noreferrer noopener\">CDON &#8211; Black Friday 2025 &#8211; vuoden suurimmat ostosjuhlat!<\/a><\/li>\n\n\n\n<li><a href=\"https:\/\/www.jimms.fi\/fi\/Pages\/BlackFriday\" target=\"_blank\" rel=\"noreferrer noopener\">Jimms &#8211; Black Friday<\/a><\/li>\n<\/ul>\n\n\n\n<h4 class=\"wp-block-heading\">Mobiili ja pelit<\/h4>\n\n\n\n<ul class=\"wp-block-list\">\n<li><a href=\"https:\/\/elisa.fi\/blackfriday\/\" target=\"_blank\" rel=\"noreferrer noopener\">Elisa &#8211; Black Friday 2025 &#8211; Parhaat tarjoukset Elisalta<\/a><\/li>\n\n\n\n<li><a href=\"https:\/\/www.telia.fi\/kauppa\/black-friday\" target=\"_blank\" rel=\"noreferrer noopener\">Telia &#8211; Black Friday -tarjoukset 2025<\/a><\/li>\n\n\n\n<li><a href=\"https:\/\/kauppa.dna.fi\/laitteet\/black-friday\/kaikki\" target=\"_blank\" rel=\"noreferrer noopener\">DNA &#8211; Black Friday 2025 -tarjoukset<\/a><\/li>\n\n\n\n<li><a href=\"https:\/\/www.playstation.com\/fi-fi\/deals\/black-friday\" target=\"_blank\" rel=\"noreferrer noopener\">PlayStation &#8211; Black Friday<\/a><\/li>\n<\/ul>\n\n\n\n<h4 class=\"wp-block-heading\">Vaatteet, liikunta ja urheilu<\/h4>\n\n\n\n<ul class=\"wp-block-list\">\n<li><a href=\"https:\/\/www.zalando.fi\/black-friday\/\" target=\"_blank\" rel=\"noreferrer noopener\">Zalando &#8211; Black Friday 2025 ALE<\/a><\/li>\n\n\n\n<li><a href=\"https:\/\/www.intersport.fi\/fi\/black-friday\/\" target=\"_blank\" rel=\"noreferrer noopener\">Intersport &#8211; Black Friday 2025 &#8211; Parhaat tarjoukset!<\/a><\/li>\n\n\n\n<li><a href=\"https:\/\/www.xxl.fi\/kampanjat\/blackweek\" data-type=\"URL\" data-id=\"https:\/\/www.xxl.fi\/kampanjat\/blackweek\" target=\"_blank\" rel=\"noreferrer noopener\">XXL &#8211; Black Fridayn 2025 ohittamattomat tarjoukset<\/a><\/li>\n\n\n\n<li><a href=\"https:\/\/www.jackjones.com\/fi-fi\/black-friday\" target=\"_blank\" rel=\"noreferrer noopener\">Jack &amp; Jones &#8211; Black Friday<\/a><\/li>\n<\/ul>\n\n\n\n<h4 class=\"wp-block-heading\">Sisustus ja kodintarvike<\/h4>\n\n\n\n<ul class=\"wp-block-list\">\n<li><a href=\"https:\/\/www.karkkainen.com\/verkkokauppa\/black-friday\" target=\"_blank\" rel=\"noreferrer noopener\">K\u00e4rkk\u00e4inen &#8211; Black Friday<\/a><\/li>\n\n\n\n<li><a href=\"https:\/\/www.tokmanni.fi\/blackfriday\" target=\"_blank\" rel=\"noreferrer noopener\">Tokmanni &#8211; Black Friday 2025 \u2013 Parhaat tarjoukset Tokmannilta<\/a><\/li>\n\n\n\n<li><a href=\"https:\/\/www.sotka.fi\/tuotteet\/tarjoukset\/1657\/black-friday\" target=\"_blank\" rel=\"noreferrer noopener\">Sotka &#8211; Sotkan Black Friday 2025<\/a><\/li>\n\n\n\n<li><a href=\"https:\/\/www.vepsalainen.com\/fi\/fi\/blackfriday\/\" target=\"_blank\" rel=\"noreferrer noopener\">Veps\u00e4l\u00e4inen &#8211; Black Friday 2025 \u2013 Huonekalut tarjoushintaan<\/a><\/li>\n<\/ul>\n\n\n\n<h4 class=\"wp-block-heading\">Musiikki<\/h4>\n\n\n\n<ul class=\"wp-block-list\">\n<li><a href=\"https:\/\/www.levykauppax.fi\/blackfriday\/\" target=\"_blank\" rel=\"noreferrer noopener\">Levykauppa \u00c4x &#8211; \u00c4x\u00e4n Black Friday 2025<\/a><\/li>\n<\/ul>\n\n\n\n<h4 class=\"wp-block-heading\">Muut kaupat<\/h4>\n\n\n\n<ul class=\"wp-block-list\">\n<li><a href=\"https:\/\/urjalanmakeistukku.fi\/category\/black-friday-week\" data-type=\"URL\" data-id=\"https:\/\/urjalanmakeistukku.fi\/black-friday-week.html\" target=\"_blank\" rel=\"noreferrer noopener\">Urjalan Makeistukku &#8211; Black Friday Week<\/a><\/li>\n\n\n\n<li><a href=\"https:\/\/www.finnair.com\/fi-fi\/black-friday\" target=\"_blank\" rel=\"noreferrer noopener\">Finnair &#8211; Black Friday -lentotarjoukset 2025<\/a><\/li>\n<\/ul>\n\n\n\n<p><\/p>\n","protected":false},"excerpt":{"rendered":"<p>Black Friday tulee taas pimeine tarjouksineen marraskuussa 2025. T\u00e4n\u00e4 vuonna ostosp\u00e4iv\u00e4\u00e4 vietet\u00e4\u00e4n perjantaina 28.11.2025. Mik\u00e4 on Black Friday? Black Friday eli musta perjantai on suosittu &hellip; <\/p>\n","protected":false},"author":1,"featured_media":0,"parent":0,"menu_order":0,"comment_status":"closed","ping_status":"closed","template":"","meta":{"jetpack_post_was_ever_published":false,"footnotes":""},"class_list":["post-6287","page","type-page","status-publish","hentry"],"_links":{"self":[{"href":"https:\/\/xeon.kapsi.fi\/blog\/wp-json\/wp\/v2\/pages\/6287","targetHints":{"allow":["GET"]}}],"collection":[{"href":"https:\/\/xeon.kapsi.fi\/blog\/wp-json\/wp\/v2\/pages"}],"about":[{"href":"https:\/\/xeon.kapsi.fi\/blog\/wp-json\/wp\/v2\/types\/page"}],"author":[{"embeddable":true,"href":"https:\/\/xeon.kapsi.fi\/blog\/wp-json\/wp\/v2\/users\/1"}],"replies":[{"embeddable":true,"href":"https:\/\/xeon.kapsi.fi\/blog\/wp-json\/wp\/v2\/comments?post=6287"}],"version-history":[{"count":2,"href":"https:\/\/xeon.kapsi.fi\/blog\/wp-json\/wp\/v2\/pages\/6287\/revisions"}],"predecessor-version":[{"id":6322,"href":"https:\/\/xeon.kapsi.fi\/blog\/wp-json\/wp\/v2\/pages\/6287\/revisions\/6322"}],"wp:attachment":[{"href":"https:\/\/xeon.kapsi.fi\/blog\/wp-json\/wp\/v2\/media?parent=6287"}],"curies":[{"name":"wp","href":"https:\/\/api.w.org\/{rel}","templated":true}]}}